16) to base 8
-26
Convert 2 (base 9) to base 11.
2
What is 43 (base 12) in base 14?
39
-11 (base 3) to base 12
-4
Convert -2 (base 10) to base 7.
-2
What is 41 (base 12) in base 5?
144
-1 (base 3) to base 4
-1
Convert -25 (base 16) to base 8.
-45
What is 1 (base 14) in base 3?
1
Convert -81 (base 14) to base 10.
-113
Convert 23 (base 4) to base 10.
11
6 (base 13) to base 12
6
-24 (base 11) to base 12
-22
What is 6 (base 16) in base 13?
6
What is 5 (base 10) in base 13?
5
Convert 1 (base 6) to base 10.
1
What is -10 (base 2) in base 16?
-2
Convert 221 (base 3) to base 13.
1c
What is 161 (base 13) in base 8?
370
What is -515 (base 8) in base 9?
-410
What is -102 (base 5) in base 9?
-30
12 (base 7) to base 6
13
-c (base 16) to base 12
-10
What is -10010101 (base 2) in base 3?
-12112
a (base 14) to base 16
a
c (base 14) to base 10
12
What is 6 (base 14) in base 11?
6
Convert -1 (base 13) to base 8.
-1
What is 7 (base 16) in base 14?
7
What is -1201 (base 5) in base 4?
-2300
1 (base 2) to base 7
1
What is -1 (base 12) in base 16?
-1
What is -67 (base 10) in base 6?
-151
Convert -110 (base 4) to base 12.
-18
Convert 1 (base 15) to base 11.
1
What is -134 (base 6) in base 11?
-53
452 (base 6) to base 5
1201
What is 3 (base 4) in base 16?
3
Convert -3 (base 14) to base 5.
-3
4 (base 11) to base 7
4
What is 8 (base 15) in base 12?
8
Convert 101000 (base 2) to base 15.
2a
Convert 0 (base 13) to base 3.
0
What is -10101 (base 2) in base 14?
-17
Convert 1102 (base 3) to base 8.
46
1 (base 10) to base 6
1
What is 6 (base 11) in base 5?
11
What is -3 (base 10) in base 16?
-3
What is 0 (base 14) in base 5?
0
Convert -121 (base 11) to base 9.
-170
What is 131 (base 8) in base 9?
108
Convert -11 (base 6) to base 4.
-13
What is -168 (base 11) in base 15?
-d0
-3 (base 11) to base 6
-3
-4b (base 15) to base 13
-56
What is -1 (base 16) in base 5?
-1
What is 10 (base 2) in base 9?
2
-3 (base 5) to base 16
-3
1123 (base 6) to base 15
12c
Convert 5 (base 9) to base 2.
101
Convert 3 (base 9) to base 10.
3
Convert 212 (base 4) to base 12.
32
What is -39 (base 15) in base 10?
-54
-1 (base 11) to base 9
-1
What is 261 (base 8) in base 5?
1202
1010100 (base 2) to base 4
1110
What is 1212 (base 3) in base 5?
200
Convert -5 (base 13) to base 5.
-10
-29 (base 15) to base 12
-33
-80 (base 13) to base 12
-88
What is -4 (base 5) in base 14?
-4
Convert -3 (base 15) to base 9.
-3
1 (base 6) to base 14
1
What is 17 (base 8) in base 11?
14
What is -10 (base 3) in base 4?
-3
What is 100101 (base 2) in base 12?
31
What is 10100 (base 3) in base 9?
110
What is -9 (base 10) in base 3?
-100
What is 36 (base 13) in base 2?
101101
Convert -2 (base 7) to base 2.
-10
27 (base 9) to base 12
21
-1104 (base 5) to base 9
-181
111001 (base 2) to base 11
52
-9 (base 15) to base 9
-10
-2 (base 12) to base 5
-2
What is 11 (base 9) in base 7?
13
Convert -27 (base 16) to base 7.
-54
What is a1 (base 16) in base 7?
320
-10 (base 4) to base 7
-4
Convert 4 (base 15) to base 11.
4
What is -3 (base 9) in base 11?
-3
-5 (base 6) to base 8
-5
10101 (base 2) to base 10
21
Convert -15 (base 9) to base 2.
-1110
Convert 7 (base 10) to base 3.
21
Convert 197 (base 13) to base 9.
355
20 (base 7) to base 13
11
What is -10 (base 6) in base 11?
-6
What is 68 (base 16) in base 4?
1220
Convert -11022 (base 3) to base 4.
-1310
Convert 561 (base 7) to base 12.
200
What is -1001 (base 2) in base 5?
-14
Convert -212 (base 5) to base 10.
-57
Convert 42 (base 5) to base 3.
211
Convert -26 (base 15) to base 13.
-2a
121 (base 3) to base 4
100
-10101 (base 2) to base 14
-17
What is -3 (base 16) in base 11?
-3
-4 (base 16) to base 4
-10
What is -222 (base 4) in base 11?
-39
What is 10 (base 5) in base 8?
5
Convert -1 (base 2) to base 16.
-1
What is 101 (base 2) in base 3?
12
Convert 5 (base 11) to base 10.
5
What is -1 (base 15) in base 13?
-1
-4 (base 11) to base 4
-10
Convert -8 (base 15) to base 4.
-20
31 (base 5) to base 4
100
What is 2233 (base 4) in base 14?
c7
25 (base 13) to base 4
133
Convert 46 (base 13) to base 10.
58
-43 (base 15) to base 2
-111111
What is 0 (base 2) in base 14?
0
13 (base 12) to base 10
15
What is 40 (base 16) in base 2?
1000000
-6 (base 7) to base 11
-6
173 (base 10) to base 3
20102
Convert 11 (base 4) to base 2.
101
What is -33 (base 9) in base 10?
-30
What is 2 (base 5) in base 14?
2
0 (base 7) to base 11
0
What is 0 (base 16) in base 2?
0
Convert 8a (base 14) to base 4.
1322
100 (base 2) to base 5
4
What is -147 (base 10) in base 4?
-2103
What is 11 (base 15) in base 3?
121
What is 45 (base 6) in base 9?
32
-33 (base 9) to base 14
-22
Convert -56 (base 7) to base 12.
-35
What is -106 (base 7) in base 13?
-43
-23 (base 10) to base 12
-1b
Convert 150 (base 6) to base 10.
66
Convert -18 (base 9) to base 11.
-16
0 (base 8) to base 9
0
What is -2 (base 4) in base 9?
-2
Convert -23 (base 9) to base 2.
-10101
What is -1 (base 11) in base 16?
-1
Convert -3 (base 14) to base 13.
-3
511 (base 8) to base 16
149
-193 (base 10) to base 14
-db
Convert 110 (base 2) to base 3.
20
Convert 1 (base 4) to base 16.
1
Convert 1114 (base 5) to base 16.
9f
What is 9 (base 13) in base 14?
9
What is 2 (base 14) in base 15?
2
What is -a4 (base 12) in base 11?
-103
-4 (base 7) to base 14
-4
Convert -26 (base 14) to base 12.
-2a
What is -6 (base 8) in base 14?
-6
Convert -133 (base 4) to base 12.
-27
Convert 2 (base 8) to base 5.
2
What is 9 (base 12) in base 7?
12
What is -2 (base 6) in base 14?
-2
-3b (base 14) to base 16
-35
-11 (base 6) to base 16
-7
What is -1115 (base 6) in base 13?
-173
What is 18 (base 12) in base 14?
16
Convert 0 (base 14) to base 16.
0
-5 (base 8) to base 2
-101
Convert 80 (base 11) to base 2.
1011000
187 (base 11) to base 14
116
21 (base 5) to base 16
b
What is 2431 (base 5) in base 9?
446
Convert -3 (base 9) to base 6.
-3
Convert -301 (base 5) to base 13.
-5b
Convert -1 (base 3) to base 5.
-1
Convert 10020 (base 3) to base 5.
322
What is -88 (base 13) in base 5?
-422
2 (base 11) to base 14
2
-1 (base 7) to base 4
-1
Convert 6 (base 11) to base 6.
10
Convert -1053 (base 6) to base 8.
-371
What is 130 (base 6) in base 8?
66
What is -3 (base 4) in base 6?
-3
-a (base 13) to base 3
-101
What is 23 (base 12) in base 8?
33
Convert -4 (base 15) to base 8.
-4
156 (base 7) to base 15
60
2131 (base 4) to base 14
b3
What is -100 (base 6) in base 4?
-210
-3 (base 10) to base 5
-3
Convert 8 (base 14) to base 16.
8
1025 (base 6) to base 14
129
Convert 7c (base 14) to base 6.
302
Convert -10 (base 15) to base 10.
-15
What is -10 (base 3) in base 9?
-3
Convert -1 (base 16) to base 10.
-1
Convert -172 (base 15) to base 14.
-19a
What is 10302 (base 4) in base 2?
100110010
Convert 0 (base 5) to base 6.
0
-9 (base 12) to base 6
-13
-10 (base 4) to base 16
-4
What is 1 (base 15) in base 2?
1
-2 (base 15) to base 4
-2
2 (base 4) to base 12
2
2 (base 13) to base 7
2
Convert 3 (base 4) to base 3.
10
Convert -10 (base 3) to base 4.
-3
-1003 (base 4) to base 16
-43
-11 (base 2) to base 13
-3
Convert -110101 (base 2) to base 15.
-38
Convert 46 (base 8) to base 4.
212
-65 (base 10) to base 15
-45
What is 4d (base 16) in base 15?
52
Convert -1123 (base 5) to base 13.
-c7
What is 325 (base 6) in base 15?
85
Convert -1 (base 12) to base 15.
-1
Convert 1 (base 8) to base 12.
1
1000000 (base 2) to base 4
1000
-1 (base 12) to base 10
-1
-1 (base 2) to base 5
-1
Convert -4c (base 13) to base 10.
-64
Convert 12 (base 6) to base 4.
20
What is 10 (base 14) in base 11?
13
What is -111 (base 4) in base 9?
-23
What is 101 (base 2) in base 10?
5
What is 0 (base 11) in base 16?
0
What is -4 (base 14) in base 3?
-11
3 (base 6) to base 2
11
273 (base 9) to base 6
1020
Convert 446 (base 7) to base 16.
e6
Convert 13 (base 10) to base 12.
11
What is -c0 (base 16) in base 9?
-233
What is -504 (base 6) in base 8?
-270
What is -13a (base 13) in base 6?
-1002
Convert 11010 (base 2) to base 14.
1c
Convert -116 (base 7) to base 4.
-332
Convert 141 (base 10) to base 2.
10001101
-15 (base 12) to base 14
-13
What is -12 (base 9) in base 7?
-14
-13 (base 12) to base 3
-120
What is -92 (base 13) in base 10?
-119
What is -10 (base 3) in base 11?
-3
8 (base 16) to base 6
12
What is -3 (base 7) in base 4?
-3
1 (base 13) to base 11
1
Convert -3 (base 